{"id":1209,"date":"2019-12-31T18:35:45","date_gmt":"2019-12-31T16:35:45","guid":{"rendered":"http:\/\/www.rudikost.de\/?page_id=1209"},"modified":"2019-12-31T18:35:45","modified_gmt":"2019-12-31T16:35:45","slug":"sonstiges","status":"publish","type":"page","link":"https:\/\/www.rudikost.de\/?page_id=1209","title":{"rendered":"Sonstiges"},"content":{"rendered":"<h2>\u00dcber George Smiley<\/h2>\n<p><em>Biographische Skizzen<\/em><\/p>\n<p><a href=\"http:\/\/www.rudikost.de\/wp-content\/uploads\/2013\/06\/Cover_Smiley_200.jpg\"><img loading=\"lazy\" decoding=\"async\" class=\"size-full wp-image-138 alignright\" src=\"http:\/\/www.rudikost.de\/wp-content\/uploads\/2013\/06\/Cover_Smiley_200.jpg\" alt=\"\" width=\"200\" height=\"266\" \/><\/a>Die Legende lebt! Lange hat man nichts mehr geh\u00f6rt von George Smiley, dem letzten legend\u00e4ren Agenten Gro\u00dfbritanniens. Seine wahre Biographie ist jetzt geschrieben worden. George Smileys Leben ist die Geschichte eines einsamen Mannes, einer gro\u00dfen Liebe und einer lebenslangen Illusion. Und des erbitterten, bitteren Kampfes mit einem Mann namens Karla.<\/p>\n<p>Die Welt hat sich ver\u00e4ndert, die Geheimdienste f\u00fchren andere Kriege, aber John le Carr\u00e9s gro\u00dfartige Figur altert nicht und hat nichts von ihrer Faszination verloren. Nicht umsonst wurde \u00bbDame, K\u00f6nig, As, Spion\u00ab j\u00fcngst wieder mal verfilmt, und aus gutem Grund haben die Medien den f\u00fcnfzigsten \u00bbGeburtstag\u00ab von \u00bbDer Spion, der aus der K\u00e4lte kam\u00ab zu tiefsch\u00fcrfenden Analysen genutzt.<\/p>\n<p>John le Carr\u00e9s Romane um den kleinen, dicken George Smiley sind l\u00e4ngst Weltliteratur.<\/p>\n<p>Die \u00bbBiographischen Skizzen\u00ab waren lange vergriffen, jetzt sind sie wieder lieferbar als Ebook.<\/p>\n<p>Seinerzeit war die Presse des Lobes voll:<\/p>\n<ul>\n<li>Ein kleines Meisterwerk an Nachdichtung. (Badisches Tagblatt)<\/li>\n<li>Es wurde Zeit, die L\u00fccken zu schlie\u00dfen. Und sie sind jetzt endlich geschlossen. (Die Zeit)<\/li>\n<li>Er bedient sich der Stilmittel le Carr\u00e9s perfekt. (Stern)<\/li>\n<li>Augenzwinkernd f\u00fchrt Rudi Kost seine Leser durch die unbekannte Vergangenheit George Smileys. (Schw\u00e4bische Zeitung)<\/li>\n<\/ul>\n<p>In der Version f\u00fcr den Kindle erh\u00e4ltlich bei Amazon:<br \/>\n<a href=\"https:\/\/www.amazon.de\/gp\/product\/B00DGUPRWC\/ref=as_li_tl?ie=UTF8&amp;camp=1638&amp;creative=6742&amp;creativeASIN=B00DGUPRWC&amp;linkCode=as2&amp;tag=rudikost-21&amp;linkId=87d2b9fef6f87c3fea6851ee4c039944\" target=\"_blank\" rel=\"noopener noreferrer\">\u00dcber George Smiley<\/a><img loading=\"lazy\" decoding=\"async\" style=\"border: none !important; margin: 0px !important;\" src=\"\/\/ir-de.amazon-adsystem.com\/e\/ir?t=rudikost-21&amp;l=am2&amp;o=3&amp;a=B00DGUPRWC\" alt=\"\" width=\"1\" height=\"1\" border=\"0\" \/><\/p>\n<h2>\u00dcber Trimmel<\/h2>\n<p><em>Biographische Skizzen<\/em><\/p>\n<p><a href=\"http:\/\/www.rudikost.de\/wp-content\/uploads\/2019\/12\/was_ist_los_mit_trimmel.jpg\"><img loading=\"lazy\" decoding=\"async\" class=\"size-full wp-image-1213 alignright\" src=\"http:\/\/www.rudikost.de\/wp-content\/uploads\/2019\/12\/was_ist_los_mit_trimmel.jpg\" alt=\"\" width=\"150\" height=\"254\" \/><\/a>Kommissar Trimmel, die Hauptfigur der Kriminalromane von Friedhelm Werremeier (1930-2019), hat (Fernseh-)Geschichte geschrieben: Mit \u00bbTaxi nach Leizig\u00ab begann 1970 der \u00bbTatort\u00ab, weitere zehn Folgen mit Walter Richter als Trimmel folgten, etliche Romane mehr hat Werremeier geschrieben.<br \/>\nDie Zeit ist \u00fcber die Trimmel-Romane hinweg gegangen, und das ist schade, denn viele der Themen, die Friedhelm Werrmeier aufgegriffen hat, haben an Aktualit\u00e4t nichts verloren.<br \/>\nDie \u00bbBiographischen Skizzen\u00ab sind 1986 in der Reihe \u00bbKabinett der Detektive\u00ab im Poller Verlag erschienen und entstanden seinerzeit in enger Zusammenarbeit mit \u00bbFips\u00ab Werremeier, lustvolle Diskussionen eingeschlossen.<br \/>\nDer Text wird hier in seiner urspr\u00fcnglichen Form wieder zug\u00e4nglich gemacht, unbeschadet dessen, dass Werremeier damals andere Vorstellungen von Trimmels Vergangenheit hatte, als er sie sp\u00e4ter im allerletzten Trimmel-Roman \u00bbTrimmels letzter Fall\u00ab (2009) niedergeschrieben hat.<\/p>\n<p><a href=\"http:\/\/www.rudikost.de\/_texte\/Trimmel\/trimmel_Kap01.htm\" target=\"_blank\" rel=\"noopener noreferrer\">Was ist los mit Trimmel?<\/a><br \/>\n(\u00f6ffnet ein neues Fenster)<\/p>\n<p>Erg\u00e4nzend hierzu der Essay \u00bb<a href=\"http:\/\/rudikost.de\/_texte\/essay\/der_bulle_mit_der_maske.htm\" target=\"_blank\" rel=\"noopener noreferrer\">Der Bulle mit der Maske<\/a>. Friedhelm Werremeier, Paul Trimmel und die deutschen Kommissare. die horen 144 (1986)\u00ab<\/p>\n","protected":false},"excerpt":{"rendered":"<p>\u00dcber George Smiley Biographische Skizzen Die Legende lebt! Lange hat man nichts mehr geh\u00f6rt von George Smiley, dem letzten legend\u00e4ren Agenten Gro\u00dfbritanniens. Seine wahre Biographie ist jetzt geschrieben worden. George Smileys Leben ist die Geschichte eines einsamen Mannes, einer gro\u00dfen Liebe und einer lebenslangen Illusion. Und des erbitterten, bitteren Kampfes mit einem Mann namens Karla. &hellip; <a href=\"https:\/\/www.rudikost.de\/?page_id=1209\" class=\"more-link\"><span class=\"screen-reader-text\">Sonstiges<\/span> weiterlesen <span class=\"meta-nav\">&rarr;<\/span><\/a><\/p>\n","protected":false},"author":1,"featured_media":0,"parent":0,"menu_order":0,"comment_status":"closed","ping_status":"closed","template":"","meta":{"footnotes":""},"class_list":["post-1209","page","type-page","status-publish","hentry"],"_links":{"self":[{"href":"https:\/\/www.rudikost.de\/index.php?rest_route=\/wp\/v2\/pages\/1209"}],"collection":[{"href":"https:\/\/www.rudikost.de\/index.php?rest_route=\/wp\/v2\/pages"}],"about":[{"href":"https:\/\/www.rudikost.de\/index.php?rest_route=\/wp\/v2\/types\/page"}],"author":[{"embeddable":true,"href":"https:\/\/www.rudikost.de\/index.php?rest_route=\/wp\/v2\/users\/1"}],"replies":[{"embeddable":true,"href":"https:\/\/www.rudikost.de\/index.php?rest_route=%2Fwp%2Fv2%2Fcomments&post=1209"}],"version-history":[{"count":6,"href":"https:\/\/www.rudikost.de\/index.php?rest_route=\/wp\/v2\/pages\/1209\/revisions"}],"predecessor-version":[{"id":1216,"href":"https:\/\/www.rudikost.de\/index.php?rest_route=\/wp\/v2\/pages\/1209\/revisions\/1216"}],"wp:attachment":[{"href":"https:\/\/www.rudikost.de\/index.php?rest_route=%2Fwp%2Fv2%2Fmedia&parent=1209"}],"curies":[{"name":"wp","href":"https:\/\/api.w.org\/{rel}","templated":true}]}}

<h2>Über George Smiley</h2>
<p><em>Biographische Skizzen</em></p>
<p><a href="http://www.rudikost.de/wp-content/uploads/2013/06/Cover_Smiley_200.jpg"><img loading="lazy" decoding="async" class="size-full wp-image-138 alignright" src="http://www.rudikost.de/wp-content/uploads/2013/06/Cover_Smiley_200.jpg" alt="" width="200" height="266" /></a>Die Legende lebt! Lange hat man nichts mehr gehört von George Smiley, dem letzten legendären Agenten Großbritanniens. Seine wahre Biographie ist jetzt geschrieben worden. George Smileys Leben ist die Geschichte eines einsamen Mannes, einer großen Liebe und einer lebenslangen Illusion. Und des erbitterten, bitteren Kampfes mit einem Mann namens Karla.</p>
<p>Die Welt hat sich verändert, die Geheimdienste führen andere Kriege, aber John le Carrés großartige Figur altert nicht und hat nichts von ihrer Faszination verloren. Nicht umsonst wurde »Dame, König, As, Spion« jüngst wieder mal verfilmt, und aus gutem Grund haben die Medien den fünfzigsten »Geburtstag« von »Der Spion, der aus der Kälte kam« zu tiefschürfenden Analysen genutzt.</p>
<p>John le Carrés Romane um den kleinen, dicken George Smiley sind längst Weltliteratur.</p>
<p>Die »Biographischen Skizzen« waren lange vergriffen, jetzt sind sie wieder lieferbar als Ebook.</p>
<p>Seinerzeit war die Presse des Lobes voll:</p>
<ul>
<li>Ein kleines Meisterwerk an Nachdichtung. (Badisches Tagblatt)</li>
<li>Es wurde Zeit, die Lücken zu schließen. Und sie sind jetzt endlich geschlossen. (Die Zeit)</li>
<li>Er bedient sich der Stilmittel le Carrés perfekt. (Stern)</li>
<li>Augenzwinkernd führt Rudi Kost seine Leser durch die unbekannte Vergangenheit George Smileys. (Schwäbische Zeitung)</li>
</ul>
<p>In der Version für den Kindle erhältlich bei Amazon:<br />
<a href="https://www.amazon.de/gp/product/B00DGUPRWC/ref=as_li_tl?ie=UTF8&amp;camp=1638&amp;creative=6742&amp;creativeASIN=B00DGUPRWC&amp;linkCode=as2&amp;tag=rudikost-21&amp;linkId=87d2b9fef6f87c3fea6851ee4c039944" target="_blank" rel="noopener noreferrer">Über George Smiley</a><img loading="lazy" decoding="async" style="border: none !important; margin: 0px !important;" src="//ir-de.amazon-adsystem.com/e/ir?t=rudikost-21&amp;l=am2&amp;o=3&amp;a=B00DGUPRWC" alt="" width="1" height="1" border="0" /></p>
<h2>Über Trimmel</h2>
<p><em>Biographische Skizzen</em></p>
<p><a href="http://www.rudikost.de/wp-content/uploads/2019/12/was_ist_los_mit_trimmel.jpg"><img loading="lazy" decoding="async" class="size-full wp-image-1213 alignright" src="http://www.rudikost.de/wp-content/uploads/2019/12/was_ist_los_mit_trimmel.jpg" alt="" width="150" height="254" /></a>Kommissar Trimmel, die Hauptfigur der Kriminalromane von Friedhelm Werremeier (1930-2019), hat (Fernseh-)Geschichte geschrieben: Mit »Taxi nach Leizig« begann 1970 der »Tatort«, weitere zehn Folgen mit Walter Richter als Trimmel folgten, etliche Romane mehr hat Werremeier geschrieben.<br />
Die Zeit ist über die Trimmel-Romane hinweg gegangen, und das ist schade, denn viele der Themen, die Friedhelm Werrmeier aufgegriffen hat, haben an Aktualität nichts verloren.<br />
Die »Biographischen Skizzen« sind 1986 in der Reihe »Kabinett der Detektive« im Poller Verlag erschienen und entstanden seinerzeit in enger Zusammenarbeit mit »Fips« Werremeier, lustvolle Diskussionen eingeschlossen.<br />
Der Text wird hier in seiner ursprünglichen Form wieder zugänglich gemacht, unbeschadet dessen, dass Werremeier damals andere Vorstellungen von Trimmels Vergangenheit hatte, als er sie später im allerletzten Trimmel-Roman »Trimmels letzter Fall« (2009) niedergeschrieben hat.</p>
<p><a href="http://www.rudikost.de/_texte/Trimmel/trimmel_Kap01.htm" target="_blank" rel="noopener noreferrer">Was ist los mit Trimmel?</a><br />
(öffnet ein neues Fenster)</p>
<p>Ergänzend hierzu der Essay »<a href="http://rudikost.de/_texte/essay/der_bulle_mit_der_maske.htm" target="_blank" rel="noopener noreferrer">Der Bulle mit der Maske</a>. Friedhelm Werremeier, Paul Trimmel und die deutschen Kommissare. die horen 144 (1986)«</p>

<p>Über George Smiley Biographische Skizzen Die Legende lebt! Lange hat man nichts mehr gehört von George Smiley, dem letzten legendären Agenten Großbritanniens. Seine wahre Biographie ist jetzt geschrieben worden. George Smileys Leben ist die Geschichte eines einsamen Mannes, einer großen Liebe und einer lebenslangen Illusion. Und des erbitterten, bitteren Kampfes mit einem Mann namens Karla. &hellip; <a href="https://www.rudikost.de/?page_id=1209" class="more-link"><span class="screen-reader-text">Sonstiges</span> weiterlesen <span class="meta-nav">&rarr;</span></a></p>
